*i(w) - l(w). Give b(-2).
0
Let c(n) = n**3 - 7*n**2 - 10*n + 7. Let p(a) = -41. Let i(t) = -t - 2. Let x(o) = 3*i(o) - p(o). Let s be x(9). Give c(s).
-9
Suppose -38*p + 44*p = 3696. Let c = 611 - p. Let o(z) = z**3 + 3*z**2 - 8*z - 5. Calculate o(c).
-15
Let q(y) be the first derivative of -1/4*y**4 - 5/3*y**3 + 4*y + 4*y**2 + 43. What is q(-6)?
-8
Let r(o) = -3*o**2 + 31*o - 72. Let h(u) = -39*u - 113. Let k be h(-3). Determine r(k).
4
Let x(n) = -4*n + 3. Let l(g) = -15*g + 53. Let d(o) = l(o) - 5*x(o). What is d(-8)?
-2
Let f(q) = -4*q + 82. Suppose 207*m = 211*m - 80. Give f(m).
2
Suppose -40*i - 81 = -13*i. Let b(x) = -2*x - 21. Let n(z) = -z - 13. Let g(u) = i*n(u) + 2*b(u). Determine g(-13).
10
Let x be (-18)/(-5) + (-144)/(-360). Suppose 0*o + 25 = -5*y - o, -x*o + 20 = 0. Let b(t) = -2*t + 7. Calculate b(y).
19
Suppose -6*x + 120 = 18*x. Suppose s - d = -5, -13*s - d = -15*s - x. Let k(m) = m**3 + m**2 + 4. Give k(s).
4
Let o(r) = -r**3 + 12*r**2 - 31*r + 31. Let s be o(9). Let b(z) = -1 + 2*z**2 - 4 + 9*z - 2 - 4. Determine b(s).
-6
Let r(l) be the third derivative of l**6/120 - 2*l**5/15 + 19*l**4/24 - 17*l**3/6 - 4*l**2 + 80. Give r(5).
3
Let g(y) = -2*y**3 + 8*y**2 + 11*y - 12. Let s(c) be the first derivative of c**4/4 + c**3/3 - c**2/2 - 27. Let w(a) = g(a) + 3*s(a). Calculate w(-10).
8
Suppose -39*w + 281 = 112*w - 172. Let q(k) = -k**3 - k**2 + 10*k + 4. Calculate q(w).
-2
Let d(u) = -u**3 - 14*u - 1. Let p(j) = -10*j**3 - j**2 - 146*j - 10. Let b(n) = 21*d(n) - 2*p(n). What is b(2)?
-5
Let d(v) be the third derivative of v**5/60 - 7*v**4/24 - 19*v**3/6 + 7017*v**2. Determine d(-3).
11
Let g(c) = -c**2 + 4*c - 3. Let k be 122/(-1)*3/(-12)*2. Suppose -59*y = -k*y + 8. Suppose -5*t = 5, y*d + 0*d = -5*t + 3. Give g(d).
1
Let r(x) = 0*x + 14 + 0*x - x. Suppose 2*p - 42 = -3*u, 0 = -5*u - 5*p - 273 + 358. What is r(u)?
6
Let u(p) = -1 + 2*p**2 + 35*p - 33*p + p. Let s(j) = j + 13. Let v be s(-12). Give u(v).
4
Let q(a) = a - 44. Let m(k) = -5*k + 96. Let n(b) = -6*m(b) - 11*q(b). Determine n(6).
22
Let h(g) be the first derivative of -g**4/4 + 3*g**3 + g**2/2 - 19*g + 1642. Calculate h(9).
-10
Let h(q) = q**3 + q**2 - q. Let g(k) = -5*k**3 - 12*k**2 + k + 3. Let s(b) = 10*b - 44. Let p be s(4). Let m(w) = p*h(w) - g(w). Calculate m(-8).
-27
Let u(o) = -35*o**2. Let a(j) = -12*j**2. Let m(p) = -7*a(p) + 2*u(p). What is m(-1)?
14
Let d(p) = p**2 - 3. Let r(u) = 0*u**2 - 10*u**2 - 6*u**2 + 17*u**2 - 4. Let l(c) = -3*d(c) + 2*r(c). Determine l(-4).
-15
Let b(p) = -p**3 + 21*p**2 - 17*p - 26. Let h be b(20). Let y = 35 - h. Let c be 60/(-28) + 3/21*y. Let i(a) = a**3 - 2*a**2 + a + 1. Calculate i(c).
-17
Suppose -u = o + 2, -4*u + 334*o = 329*o - 46. Let t(j) be the first derivative of -5*j**2/2 - 9. Give t(u).
-20
Let j(v) = v**3 - 3*v**2 - 2*v + 2. Let u(b) = 34*b - 217. Let g(a) = 22*a - 145. Let y(n) = 8*g(n) - 5*u(n). Let s be y(13). Calculate j(s).
-4
Let t(m) = -m**3 + 9*m**2 + 9*m + 12. Let u be t(10). Let s(o) = 6*o + 5 - 4 - o**u - 7. Let b = 18 - 12. Determine s(b).
-6
Let m = 286 - 282. Let j be 0 - m - (71 + -77). Let h(b) = b + 2*b + 0*b. What is h(j)?
6
Let c(b) = -82*b**2 + 316*b**2 + 4*b - 83*b**2 - 70*b**2 - 80*b**2 + 54. Give c(-5).
59
Let o(l) = -l - 8. Let y = 25 - 23. Suppose -y*b - 2*b - 12 = 4*v, -5*v = 4*b + 16. Give o(v).
-4
Let m(j) = 5*j + 1. Suppose 13*n = 20*n. Suppose -28*i + 11*i + 17 = n. Determine m(i).
6
Let r(n) = -n**2 - 4*n**3 + 2*n**3 - n + 15*n**3. Let a = 39865 + -39866. Give r(a).
-13
Let g(c) = 3*c**2 + 11*c + 5. Let f(a) = 5*a**2 + 18*a + 8. Let y(s) = -5*f(s) + 8*g(s). Suppose -4*h = 113 + 127. Let v = -61 - h. What is y(v)?
1
Let l(d) = -d**2 + 14*d - 51. Let y be l(9). Let q(c) = -4*c. Let t(f) be the first derivative of f**2/2 - 2. Let u(j) = q(j) + 6*t(j). Give u(y).
-12
Let f(z) = -8*z - 23. Let a(r) = -12*r - 34. Let s(u) = -5*a(u) + 7*f(u). Let w(p) = -p**2 - 13*p - 48. Let x be w(-6). What is s(x)?
-15
Let x be ((-21)/(-12)*6/14)/(90/240). Let w(o) = -o**3 + 6*o - 4. Determine w(x).
0
Let v = 36 + -56. Let g(y) be the third derivative of y**6/120 + y**5/3 - y**4/24 - 7*y**3/2 + 68*y**2 - 56. Calculate g(v).
-1
Let c(m) be the second derivative of -m**3 + 39*m**2/2 + m + 801. Determine c(7).
-3
Suppose -13*k + 159 + 569 = 0. Suppose 16*i + k - 8 = 0. Let h(z) = -2*z**2 - 3*z + 3. Determine h(i).
-6
Let s = 154 - 149. Let w(h) = 2*h**2 - 3*h + 6. Let x(t) = 3*t**2 - 4*t + 9. Let j(f) = 8*w(f) - 5*x(f). Determine j(s).
8
Let y(l) = 18*l + 1. Suppose -3*g + 45 = 3*q, g + 3*q = 4 + 5. Let k(h) = h**3 - 19*h**2 + 14*h + 73. Let n be k(g). Give y(n).
19
Suppose -3*o + 4 = -o. Let g(x) = -3*x - 3*x - o - 3*x + 0*x + 6*x. Determine g(-3).
7
Let q(v) = -23*v + 145. Let d be q(6). Let o(b) = -10*b + 11. Let f(u) = 14*u - 12. Let i(m) = d*o(m) + 6*f(m). Give i(-4).
-51
Let a(h) = -2*h - 36. Let g be a(-18). Suppose g = 6*r - r - 30. Let c(z) = z**2 - 9*z + 4. Determine c(r).
-14
Let m(g) be the third derivative of g**6/120 + 13*g**5/60 - 31*g**4/24 - 31*g**3/6 - 2559*g**2. Calculate m(-15).
-16
Suppose -11*i + 18*i = -532. Let r = i - -78. Suppose -4*m - 4*t = -7*t - 15, 0 = 4*m + r*t + 10. Let u(s) = -s**2 - 6. Give u(m).
-6
Let p(i) be the second derivative of -2*i**3/3 - 39*i**2/2 - 25*i - 17. What is p(-9)?
-3
Let s(p) = p**3 + 8*p**2 - 7*p + 14. Suppose -39*y + 200*y + 343 = -1106. Determine s(y).
-4
Let d(m) = -2*m**2 + 129*m + 78. Let y(b) = b**2 - 58*b - 39. Let z(s) = 6*d(s) + 13*y(s). Determine z(-22).
5
Let h(r) = 11*r**3 - 6*r**2 - 3*r + 6. Let v = -349 + 355. Let z(x) = -13*x**3 + 6*x**2 + 3*x - 6. Let j(a) = v*h(a) + 5*z(a). What is j(6)?
-12
Let r(d) = -d**2 - 11*d + 5. Suppose 6 = 2*j - 5*s - 3, 34 = -3*j - 2*s. Calculate r(j).
29
Let s(d) = -d**2 + 2*d - 3. Suppose -6*m + 27 = -21. Suppose -m*p + 48 = 8*p. Give s(p).
-6
Let l be 3/12 - 1 - (-117)/12. Suppose 17*q + 32 = l*q. Let k(t) be the first derivative of -t**3/3 + 2*t - 2. Calculate k(q).
-14
Let a(r) = 24*r + 1 - 11*r + 1 - 10*r - 4*r. Suppose 5*v - 2 = 28. What is a(v)?
-4
Let t(w) = -6*w**2 - 4*w + 3. Let z = -1717 + 1720. What is t(z)?
-63
Let o(d) = d**2 + 10*d + 11. Let g(i) = -i**2 + 9*i + 28. Let w(z) = -z**3 - 3*z**2 - 3*z + 7. Let y be w(-5). Let s = 84 - y. Let p be g(s). Give o(p).
-5
Let u(y) be the first derivative of y**3/3 + y**2/2 - 7*y - 2. Let c(o) = 71*o - 1710. Let x be c(24). Give u(x).
23
Suppose -6*n - 5*n + 154 = 0. Let a(h) = -h + 2*h - 2*h - 1732 + 1743. What is a(n)?
-3
Let i(h) = -3*h + 13. Suppose -2041 + 2013 = -4*o. Calculate i(o).
-8
Suppose 1356 = -4*y + 244. Let l = 272 + y. Let f(g) = -g**2 - 8*g + 1. What is f(l)?
13
Let z(p) be the third derivative of -p**5/60 - 5*p**4/8 + 163*p**3/6 - 3*p**2 + 45. Determine z(7).
9
Suppose -5*h = -40, -34 = -56*y + 58*y - 3*h. Let f(k) = 6*k**2 + 8*k + 7. Let g(r) = -r**2 - 1. Let t(s) = f(s) + 5*g(s). Determine t(y).
-13
Let p(r) be the third derivative of -r**8/20160 + r**7/1008 + r**6/360 - r**5/3 + 3*r**2 + r. Let z(d) be the third derivative of p(d). Give z(5).
2
Let v(r) = r**3 + r**2 - r - 13. Let m be ((-3)/6)/(2/24). Let l be (m/(-8))/(6/(-384)). Let z = l + 48. What is v(z)?
-13
Let n(i) = 1853 - 5550 - i + 1857 + 1854. What is n(12)?
2
Let o(i) be the second derivative of -7*i**4/12 - i**3 - 3*i**2/2 + 257*i. Determine o(-4).
-91
Let q(i) = i**3 - 31*i**2 + 2 - 24*i**2 - 23*i**2 - 12*i + 91*i**2. What is q(-14)?
-26
Let d(m) = -2297*m**3 - 11*m + 5 + 4573*m**3 - 2275*m**3 + 3*m**2. Determine d(-5).
10
Let j(r) = -10*r - 41. Suppose -72*y + 1367 = -283*y + 312. Calculate j(y).
9
Let a(c) = -195*c - 196. Let l be a(-1). Let y(i) = -8*i**2 + 4*i + 2. Determine y(l).
-10
Let s(h) = -17*h - 6. Suppose -5*l - 4*c + 18 = 0, 2*c + 23 = -3*l + 33. What is s(l)?
-40
Let b(q) = q**2 + 2*q + 3. Let a(g) = -9*g - 223. Let p be a(-25). Suppose 0 = 4*w - 10 - 38. Suppose -18 = p*v - w. What is b(v)?
6
Suppose -4*f - 5*o + 29 = 0, 4*f + 5*o = 2*f + 17. Let t(w) be the third derivative of w**6/120 - w**5/10 + w**4/8 - 4*w**3/3 - 60*w**2. What is t(f)?
10
Let h be (-63)/(-231) - 18/66. Let v(i) = -i**3 + i + 14. What is v(h)?
14
Let r be 5 + 2 + (-1)/(-1). Let a(d) = 2*d - 19 + r - 4*d + 3. Calculate a(-9).
10
Let f(u) = -3*u + 93. Let b be (12 - 45/4